{"id":1683,"date":"2021-10-10T14:26:21","date_gmt":"2021-10-10T14:26:21","guid":{"rendered":"http:\/\/onepress.maga-digital.com\/?page_id=1683"},"modified":"2021-12-06T18:19:29","modified_gmt":"2021-12-06T18:19:29","slug":"distribuidores-latam","status":"publish","type":"page","link":"http:\/\/onepress.maga-digital.com\/index.php\/distribuidores-latam\/","title":{"rendered":"Distribuidores"},"content":{"rendered":"\n<style>\n.wp-block-image{\nwidth:200px;\nheight:100px;\ntext-align:center;\nmargin:auto;\n}\n#map {\n  min-height:400px ;\n  max-width:1260px;\n  text-align:center;\n  margin:auto;\n  border: solid 1px #689e23;\n  box-shadow:4px 4px lightgrey;\n}\n<\/style>\n\n\n\n<h2 class=\"has-text-align-center\">DISTRIBUIDORES<\/h2>\n\n\n\n<p class=\"has-text-align-center\">LATAM<\/p>\n\n\n\n<div id=\"map\"><\/div>\n\n\n\n<div style=\"height:30px\" aria-hidden=\"true\" class=\"wp-block-spacer\"><\/div>\n\n\n\n<hr class=\"wp-block-separator\"\/>\n\n\n\n<h3 class=\"has-text-align-center\">CONOC\u00c9 M\u00c1S SOBRE NUESTROS DISTRIBUIDORES<\/h3>\n\n\n\n<div style=\"height:30px\" aria-hidden=\"true\" class=\"wp-block-spacer\"><\/div>\n\n\n\n<div class=\"wp-container-9 wp-block-columns are-vertically-aligned-center\">\n<div class=\"wp-container-4 wp-block-column is-vertically-aligned-center\">\n<div class=\"wp-container-3 wp-block-columns\">\n<div class=\"wp-container-1 wp-block-column\">\n<div class=\"wp-block-image\"><figure class=\"aligncenter size-full is-resized\"><img loading=\"lazy\" src=\"http:\/\/onepress.maga-digital.com\/wp-content\/uploads\/2021\/10\/logo_biocalpert_mexico_g.jpg\" alt=\"\" class=\"wp-image-1816\" width=\"188\" height=\"78\" srcset=\"http:\/\/onepress.maga-digital.com\/wp-content\/uploads\/2021\/10\/logo_biocalpert_mexico_g.jpg 760w, http:\/\/onepress.maga-digital.com\/wp-content\/uploads\/2021\/10\/logo_biocalpert_mexico_g-300x125.jpg 300w, http:\/\/onepress.maga-digital.com\/wp-content\/uploads\/2021\/10\/logo_biocalpert_mexico_g-600x249.jpg 600w\" sizes=\"(max-width: 188px) 100vw, 188px\" \/><\/figure><\/div>\n\n\n\n<h6 class=\"has-text-align-center\">M\u00e9xico &#8211; Biolcapert<\/h6>\n\n\n\n<p class=\"has-text-align-center\"><a href=\"http:\/\/www.biocalpert.com\/\" target=\"_blank\" rel=\"noreferrer noopener\">http:\/\/www.biocalpert.com\/<\/a><\/p>\n<\/div>\n\n\n\n<div class=\"wp-container-2 wp-block-column is-vertically-aligned-center\">\n<div class=\"wp-block-image\"><figure class=\"aligncenter size-full\"><img loading=\"lazy\" width=\"760\" height=\"316\" src=\"http:\/\/onepress.maga-digital.com\/wp-content\/uploads\/2021\/10\/MEXICO_Logo_ABI-_APARATOS_BIOMEDICOS_g.jpg\" alt=\"\" class=\"wp-image-1817\" srcset=\"http:\/\/onepress.maga-digital.com\/wp-content\/uploads\/2021\/10\/MEXICO_Logo_ABI-_APARATOS_BIOMEDICOS_g.jpg 760w, http:\/\/onepress.maga-digital.com\/wp-content\/uploads\/2021\/10\/MEXICO_Logo_ABI-_APARATOS_BIOMEDICOS_g-300x125.jpg 300w, http:\/\/onepress.maga-digital.com\/wp-content\/uploads\/2021\/10\/MEXICO_Logo_ABI-_APARATOS_BIOMEDICOS_g-600x249.jpg 600w\" sizes=\"(max-width: 760px) 100vw, 760px\" \/><\/figure><\/div>\n\n\n\n<h6 class=\"has-text-align-center\">M\u00e9xico &#8211; ABI<\/h6>\n\n\n\n<p><a href=\"https:\/\/www.aparatosbiomedicosenimagen.com\/\" target=\"_blank\" rel=\"noreferrer noopener\">https:\/\/www.aparatosbiomedicosenimagen.com\/<\/a><\/p>\n<\/div>\n<\/div>\n<\/div>\n\n\n\n<div class=\"wp-container-8 wp-block-column is-vertically-aligned-center\">\n<div class=\"wp-container-7 wp-block-columns\">\n<div class=\"wp-container-5 wp-block-column is-vertically-aligned-center\">\n<div class=\"wp-block-image\"><figure class=\"aligncenter size-full\"><img loading=\"lazy\" width=\"760\" height=\"316\" src=\"http:\/\/onepress.maga-digital.com\/wp-content\/uploads\/2021\/10\/MEXICO_Logo_SONIKA_g.jpg\" alt=\"\" class=\"wp-image-1818\" srcset=\"http:\/\/onepress.maga-digital.com\/wp-content\/uploads\/2021\/10\/MEXICO_Logo_SONIKA_g.jpg 760w, http:\/\/onepress.maga-digital.com\/wp-content\/uploads\/2021\/10\/MEXICO_Logo_SONIKA_g-300x125.jpg 300w, http:\/\/onepress.maga-digital.com\/wp-content\/uploads\/2021\/10\/MEXICO_Logo_SONIKA_g-600x249.jpg 600w\" sizes=\"(max-width: 760px) 100vw, 760px\" \/><\/figure><\/div>\n\n\n\n<h6 class=\"has-text-align-center\">M\u00e9xico &#8211; Sonika<\/h6>\n\n\n\n<p class=\"has-text-align-center\"><a href=\"https:\/\/www.sonikamx.com\/\" target=\"_blank\" rel=\"noreferrer noopener\">https:\/\/www.sonikamx.com\/<\/a><\/p>\n<\/div>\n\n\n\n<div class=\"wp-container-6 wp-block-column is-vertically-aligned-center\">\n<div class=\"wp-block-image\"><figure class=\"aligncenter size-full\"><img loading=\"lazy\" width=\"760\" height=\"316\" src=\"http:\/\/onepress.maga-digital.com\/wp-content\/uploads\/2021\/10\/NICA_LIFEMED_g.jpg\" alt=\"\" class=\"wp-image-1819\" srcset=\"http:\/\/onepress.maga-digital.com\/wp-content\/uploads\/2021\/10\/NICA_LIFEMED_g.jpg 760w, http:\/\/onepress.maga-digital.com\/wp-content\/uploads\/2021\/10\/NICA_LIFEMED_g-300x125.jpg 300w, http:\/\/onepress.maga-digital.com\/wp-content\/uploads\/2021\/10\/NICA_LIFEMED_g-600x249.jpg 600w\" sizes=\"(max-width: 760px) 100vw, 760px\" \/><\/figure><\/div>\n\n\n\n<h6 class=\"has-text-align-center\">Nicaragua &#8211; LifeMed<\/h6>\n\n\n\n<p class=\"has-text-align-center\"><a href=\"mailto:info@lifemed.com.ni\" target=\"_blank\" rel=\"noreferrer noopener\">mailto: info@lifemed.com.ni<\/a><\/p>\n<\/div>\n<\/div>\n\n\n\n<p><\/p>\n<\/div>\n<\/div>\n\n\n\n<hr class=\"wp-block-separator alignwide\"\/>\n\n\n\n<div class=\"wp-container-18 wp-block-columns are-vertically-aligned-center\">\n<div class=\"wp-container-13 wp-block-column is-vertically-aligned-center\">\n<div class=\"wp-container-12 wp-block-columns\">\n<div class=\"wp-container-10 wp-block-column\">\n<div class=\"wp-block-image\"><figure class=\"aligncenter size-full is-resized\"><img loading=\"lazy\" src=\"http:\/\/onepress.maga-digital.com\/wp-content\/uploads\/2021\/10\/COSTA-RICA_LOGO_ANCAMEDICA_2020_g.jpg\" alt=\"\" class=\"wp-image-1820\" width=\"186\" height=\"77\" srcset=\"http:\/\/onepress.maga-digital.com\/wp-content\/uploads\/2021\/10\/COSTA-RICA_LOGO_ANCAMEDICA_2020_g.jpg 760w, http:\/\/onepress.maga-digital.com\/wp-content\/uploads\/2021\/10\/COSTA-RICA_LOGO_ANCAMEDICA_2020_g-300x125.jpg 300w, http:\/\/onepress.maga-digital.com\/wp-content\/uploads\/2021\/10\/COSTA-RICA_LOGO_ANCAMEDICA_2020_g-600x249.jpg 600w\" sizes=\"(max-width: 186px) 100vw, 186px\" \/><\/figure><\/div>\n\n\n\n<h6 class=\"has-text-align-center\">Costa Rica &#8211; Ancam\u00e9dica<\/h6>\n\n\n\n<p class=\"has-text-align-center\"><a href=\"http:\/\/www.ancamedica.com\/\" target=\"_blank\" rel=\"noreferrer noopener\">http:\/\/www.ancamedica.com\/<\/a><\/p>\n<\/div>\n\n\n\n<div class=\"wp-container-11 wp-block-column\">\n<div class=\"wp-block-image\"><figure class=\"aligncenter size-full\"><img loading=\"lazy\" width=\"760\" height=\"316\" src=\"http:\/\/onepress.maga-digital.com\/wp-content\/uploads\/2021\/10\/LAS_Colombia_g.jpg\" alt=\"\" class=\"wp-image-1821\" srcset=\"http:\/\/onepress.maga-digital.com\/wp-content\/uploads\/2021\/10\/LAS_Colombia_g.jpg 760w, http:\/\/onepress.maga-digital.com\/wp-content\/uploads\/2021\/10\/LAS_Colombia_g-300x125.jpg 300w, http:\/\/onepress.maga-digital.com\/wp-content\/uploads\/2021\/10\/LAS_Colombia_g-600x249.jpg 600w\" sizes=\"(max-width: 760px) 100vw, 760px\" \/><\/figure><\/div>\n\n\n\n<h6 class=\"has-text-align-center\">Colombia &#8211; LAS ELECTROMEC\u00e1niCA<\/h6>\n\n\n\n<p class=\"has-text-align-center\"><a href=\"http:\/\/laselectromedicina.com\/\" target=\"_blank\" rel=\"noreferrer noopener\">http:\/\/laselectromedicina.com\/<\/a><\/p>\n<\/div>\n<\/div>\n<\/div>\n\n\n\n<div class=\"wp-container-17 wp-block-column is-vertically-aligned-center\">\n<div class=\"wp-container-16 wp-block-columns\">\n<div class=\"wp-container-14 wp-block-column\">\n<div class=\"wp-block-image\"><figure class=\"aligncenter size-full\"><img loading=\"lazy\" width=\"760\" height=\"316\" src=\"http:\/\/onepress.maga-digital.com\/wp-content\/uploads\/2021\/10\/ECUADOR_LOGO_C.G_MED_g.jpg\" alt=\"\" class=\"wp-image-1822\" srcset=\"http:\/\/onepress.maga-digital.com\/wp-content\/uploads\/2021\/10\/ECUADOR_LOGO_C.G_MED_g.jpg 760w, http:\/\/onepress.maga-digital.com\/wp-content\/uploads\/2021\/10\/ECUADOR_LOGO_C.G_MED_g-300x125.jpg 300w, http:\/\/onepress.maga-digital.com\/wp-content\/uploads\/2021\/10\/ECUADOR_LOGO_C.G_MED_g-600x249.jpg 600w\" sizes=\"(max-width: 760px) 100vw, 760px\" \/><\/figure><\/div>\n\n\n\n<h6 class=\"has-text-align-center\">ECUADOR &#8211; CG MED<\/h6>\n\n\n\n<p class=\"has-text-align-center\"><a href=\"http:\/\/www.cgmed.com.ec\/\" target=\"_blank\" rel=\"noreferrer noopener\" title=\"http:\/\/www.cgmed.com.ec\/\">http:\/\/www.cgmed.com.ec\/<\/a><\/p>\n<\/div>\n\n\n\n<div class=\"wp-container-15 wp-block-column\">\n<div class=\"wp-block-image\"><figure class=\"aligncenter size-full\"><img loading=\"lazy\" width=\"760\" height=\"316\" src=\"http:\/\/onepress.maga-digital.com\/wp-content\/uploads\/2021\/10\/PERU_Logo_SIREX_MEDICA_g.jpg\" alt=\"\" class=\"wp-image-1823\" srcset=\"http:\/\/onepress.maga-digital.com\/wp-content\/uploads\/2021\/10\/PERU_Logo_SIREX_MEDICA_g.jpg 760w, http:\/\/onepress.maga-digital.com\/wp-content\/uploads\/2021\/10\/PERU_Logo_SIREX_MEDICA_g-300x125.jpg 300w, http:\/\/onepress.maga-digital.com\/wp-content\/uploads\/2021\/10\/PERU_Logo_SIREX_MEDICA_g-600x249.jpg 600w\" sizes=\"(max-width: 760px) 100vw, 760px\" \/><\/figure><\/div>\n\n\n\n<h6 class=\"has-text-align-center\">PER\u00da &#8211; SIREX M\u00e9dica<\/h6>\n\n\n\n<p class=\"has-text-align-center\"><a href=\"http:\/\/www.sirexmedica.pe\/\" target=\"_blank\" rel=\"noreferrer noopener\" title=\"http:\/\/www.sirexmedica.pe\/\">http:\/\/www.sirexmedica.pe\/<\/a><\/p>\n<\/div>\n<\/div>\n\n\n\n<p><\/p>\n<\/div>\n<\/div>\n\n\n\n<hr class=\"wp-block-separator alignwide\"\/>\n\n\n\n<div class=\"wp-container-27 wp-block-columns are-vertically-aligned-center\">\n<div class=\"wp-container-22 wp-block-column is-vertically-aligned-center\">\n<div class=\"wp-container-21 wp-block-columns\">\n<div class=\"wp-container-19 wp-block-column\">\n<div class=\"wp-block-image\"><figure class=\"aligncenter size-full\"><img loading=\"lazy\" width=\"760\" height=\"316\" src=\"http:\/\/onepress.maga-digital.com\/wp-content\/uploads\/2021\/10\/BOLIVIA_Logo_HP_MEDICAL_g.jpg\" alt=\"\" class=\"wp-image-1824\" srcset=\"http:\/\/onepress.maga-digital.com\/wp-content\/uploads\/2021\/10\/BOLIVIA_Logo_HP_MEDICAL_g.jpg 760w, http:\/\/onepress.maga-digital.com\/wp-content\/uploads\/2021\/10\/BOLIVIA_Logo_HP_MEDICAL_g-300x125.jpg 300w, http:\/\/onepress.maga-digital.com\/wp-content\/uploads\/2021\/10\/BOLIVIA_Logo_HP_MEDICAL_g-600x249.jpg 600w\" sizes=\"(max-width: 760px) 100vw, 760px\" \/><\/figure><\/div>\n\n\n\n<h6 class=\"has-text-align-center\">BOLIVIA &#8211; HP medical<\/h6>\n\n\n\n<p class=\"has-text-align-center\"><a href=\"https:\/\/hpmedical.com.bo\/es\/\" target=\"_blank\" rel=\"noreferrer noopener\">https:\/\/hpmedical.com.bo\/es\/<\/a><\/p>\n<\/div>\n\n\n\n<div class=\"wp-container-20 wp-block-column\">\n<div class=\"wp-block-image\"><figure class=\"aligncenter size-full\"><img loading=\"lazy\" width=\"760\" height=\"316\" src=\"http:\/\/onepress.maga-digital.com\/wp-content\/uploads\/2021\/10\/PARAGUAY_Logo_TECHMED_g.jpg\" alt=\"\" class=\"wp-image-1825\" srcset=\"http:\/\/onepress.maga-digital.com\/wp-content\/uploads\/2021\/10\/PARAGUAY_Logo_TECHMED_g.jpg 760w, http:\/\/onepress.maga-digital.com\/wp-content\/uploads\/2021\/10\/PARAGUAY_Logo_TECHMED_g-300x125.jpg 300w, http:\/\/onepress.maga-digital.com\/wp-content\/uploads\/2021\/10\/PARAGUAY_Logo_TECHMED_g-600x249.jpg 600w\" sizes=\"(max-width: 760px) 100vw, 760px\" \/><\/figure><\/div>\n\n\n\n<h6 class=\"has-text-align-center\">PARAGUAY &#8211; TECHMED<\/h6>\n\n\n\n<p class=\"has-text-align-center\"><a href=\"https:\/\/www.techmed.com.py\/\" target=\"_blank\" rel=\"noreferrer noopener\">https:\/\/www.techmed.com.py\/<\/a><\/p>\n<\/div>\n<\/div>\n\n\n\n<p><\/p>\n<\/div>\n\n\n\n<div class=\"wp-container-26 wp-block-column is-vertically-aligned-center\">\n<div class=\"wp-container-25 wp-block-columns\">\n<div class=\"wp-container-23 wp-block-column\">\n<div class=\"wp-block-image\"><figure class=\"aligncenter size-full\"><img loading=\"lazy\" width=\"760\" height=\"316\" src=\"http:\/\/onepress.maga-digital.com\/wp-content\/uploads\/2021\/10\/CHILE_BIOSCOM_g.jpg\" alt=\"\" class=\"wp-image-1826\" srcset=\"http:\/\/onepress.maga-digital.com\/wp-content\/uploads\/2021\/10\/CHILE_BIOSCOM_g.jpg 760w, http:\/\/onepress.maga-digital.com\/wp-content\/uploads\/2021\/10\/CHILE_BIOSCOM_g-300x125.jpg 300w, http:\/\/onepress.maga-digital.com\/wp-content\/uploads\/2021\/10\/CHILE_BIOSCOM_g-600x249.jpg 600w\" sizes=\"(max-width: 760px) 100vw, 760px\" \/><\/figure><\/div>\n\n\n\n<h6 class=\"has-text-align-center\">CHILE &#8211; BIOSCOM<\/h6>\n\n\n\n<p class=\"has-text-align-center\"><a href=\"https:\/\/www.bioscom.cl\/\" target=\"_blank\" rel=\"noreferrer noopener\">https:\/\/www.bioscom.cl\/<\/a><\/p>\n<\/div>\n\n\n\n<div class=\"wp-container-24 wp-block-column\">\n<div class=\"wp-block-image\"><figure class=\"aligncenter size-full\"><img loading=\"lazy\" width=\"760\" height=\"316\" src=\"http:\/\/onepress.maga-digital.com\/wp-content\/uploads\/2021\/10\/URUGUAY_Logo_ALDENOR_g.jpg\" alt=\"\" class=\"wp-image-1827\" srcset=\"http:\/\/onepress.maga-digital.com\/wp-content\/uploads\/2021\/10\/URUGUAY_Logo_ALDENOR_g.jpg 760w, http:\/\/onepress.maga-digital.com\/wp-content\/uploads\/2021\/10\/URUGUAY_Logo_ALDENOR_g-300x125.jpg 300w, http:\/\/onepress.maga-digital.com\/wp-content\/uploads\/2021\/10\/URUGUAY_Logo_ALDENOR_g-600x249.jpg 600w\" sizes=\"(max-width: 760px) 100vw, 760px\" \/><\/figure><\/div>\n\n\n\n<h6 class=\"has-text-align-center\">URUGUAY &#8211; ALDENOR<\/h6>\n\n\n\n<p class=\"has-text-align-center\"><a href=\"http:\/\/www.aldenor.com.uy\/\" target=\"_blank\" rel=\"noreferrer noopener\" title=\"http:\/\/www.aldenor.com.uy\/\">http:\/\/www.aldenor.com.uy\/<\/a><\/p>\n<\/div>\n<\/div>\n\n\n\n<p><\/p>\n<\/div>\n<\/div>\n\n\n\n<script async=\"\" src=\"https:\/\/maps.googleapis.com\/maps\/api\/js?key=AIzaSyBYHOCUoQ8aqVzbVGzJaJAkJEsJqti1cwU&amp;callback=initMap&amp;v=weekly&amp;region:AR\">\n\n\n    <\/script>\n\n    <script type=\"text\/javascript\">\n      let map;\n\nfunction infoCallback(infowindow, marker) {\n   return function() { infowindow.open(map, marker); };\n}\n\nfunction initMap() {\n  const map = new google.maps.Map(document.getElementById(\"map\"), {\n    zoom: 3,\n    center: { lat: -5, lng: -55 },\n    disableDefaultUI: true,\n  });\n\n  setMarkers(map)\n}\n\n  var distribuidores = [\n\n  [\"HP Medical\", -17.781590, -63.2011009, 1,\"https:\/\/hpmedical.com.bo\/\",\"\/wp-content\/uploads\/2021\/10\/Icono-logoecc-1.png\"],\n  [\"Ancamedica SA\", 9.935330, -84.114420, 1, \"https:\/\/www.ancamedica.com\/\", \"\/wp-content\/uploads\/2021\/10\/Icono-logoecc-1.png\" ],\n  [\"LAS Electromedicina\", 4.67815, -74.14432, 1, \"https:\/\/laselectromedicina.com\/\", \"\/wp-content\/uploads\/2021\/10\/Icono-logoecc-1.png\"],\n  [\"CG MED SA\", -2.90055, -79.00453, 1, \"http:\/\/www.cgmed.com.ec\/\", \"\/wp-content\/uploads\/2021\/10\/Icono-logoecc-1.png\"],\n  [\"Sirex Medica Peru SAC\", -12.1127298, -76.9892905, 1, \"https:\/\/sirexmedica.pe\/\", \"\/wp-content\/uploads\/2021\/10\/Icono-logoecc-1.png\"],\n  [\"Bioscom Chile Limitada\", -33.42398, -70.85493, 1, \"https:\/\/www.bioscom.cl\/\", \"\/wp-content\/uploads\/2021\/10\/Icono-logoecc-1.png\"],\n  [\"Aldenor\",-34.90328, -56.18816, 1, \"http:\/\/www.aldenor.com.uy\/\", \"\/wp-content\/uploads\/2021\/10\/Icono-logoecc-1.png\"],\n  [\"Lifemed, S.A.\", 12.13282, -86.2504, 1, \"info@lifemed.com.ni\", \"\/wp-content\/uploads\/2021\/10\/Icono-logoecc-1.png\"],\n  [\"TECHMED S.R.L\", -25.30066, -57.63591, 1, \"https:\/\/tecmedsrl.com\/\", \"\/wp-content\/uploads\/2021\/10\/Icono-logoecc-1.png\"],\n  [\"Biocalpert SA de CV\", 20.58806, -100.38806, 1, \"https:\/\/www.biocalpert.com\/\",\"\/wp-content\/uploads\/2021\/10\/Icono-logoecc-1.png\"],\n  [\"Sonika Equipos M\u00e9dicos SA de CV\", 19.4088343, -99.1728206, 1, \"https:\/\/www.sonikamx.com\/\", \"\/wp-content\/uploads\/2021\/10\/Icono-logoecc-1.png\"],\n  [\"Aparatos Biomedicos en Imagen, S.A. de C.V.\", 19.4185537, -99.1122196, 1, \"https:\/\/www.aparatosbiomedicos.com\/\", \"\/wp-content\/uploads\/2021\/10\/Icono-logoecc-1.png\"],\n\n\n  ];\n    function setMarkers(map) {\n \n  for (let i = 0; i < distribuidores.length; i++) {\n    const distribuidor = distribuidores[i];\n\n    var image = {\n\n  url : distribuidor[5],\n  size: new google.maps.Size(40, 40),\n\n  };\n\n   var marker = new google.maps.Marker({\n      position: { lat: distribuidor[1], lng: distribuidor[2] },\n      map,\n      icon: image,\n     \/\/ shape: shape,\n      title: distribuidor[0],\n      zIndex: distribuidor[3],\n    });\n\n    var contentString = '<div id=\"content\">' +\n    '<div id=\"siteNotice\">' +\n    '<\/div>' +\n    '<h3 id=\"firstHeading\" class=\"firstHeading\">' + distribuidor[0] + '<\/h3>' +\n    '<div id=\"bodyContent\">' +\n    '<p> Sitio Web: <a href=\"distribuidor[4]\">' + distribuidor[4] + '<\/a><\/p>' +\n    '<\/div>' +\n    '<\/div>';\n\n    var infowindow = new google.maps.InfoWindow({\n    content: contentString,\n    maxWidth: 200,\n  });\n\n    google.maps.event.addListener(marker, 'click', infoCallback(infowindow, marker));\n  }\n}\n<\/script>\n","protected":false},"excerpt":{"rendered":"<p>DISTRIBUIDORES LATAM CONOC\u00c9 M\u00c1S SOBRE NUESTROS DISTRIBUIDORES M\u00e9xico &#8211; Biolcapert http:\/\/www.biocalpert.com\/ M\u00e9xico &#8211; ABI https:\/\/www.aparatosbiomedicosenimagen.com\/ M\u00e9xico &#8211; Sonika https:\/\/www.sonikamx.com\/ Nicaragua &#8211; LifeMed mailto: info@lifemed.com.ni Costa Rica &#8211; Ancam\u00e9dica http:\/\/www.ancamedica.com\/ Colombia &#8230;<\/p>\n","protected":false},"author":1,"featured_media":0,"parent":0,"menu_order":0,"comment_status":"closed","ping_status":"closed","template":"template-fullwidth.php","meta":{"om_disable_all_campaigns":false,"_monsterinsights_skip_tracking":false,"_monsterinsights_sitenote_active":false,"_monsterinsights_sitenote_note":"","_monsterinsights_sitenote_category":0},"_links":{"self":[{"href":"http:\/\/onepress.maga-digital.com\/index.php\/wp-json\/wp\/v2\/pages\/1683"}],"collection":[{"href":"http:\/\/onepress.maga-digital.com\/index.php\/wp-json\/wp\/v2\/pages"}],"about":[{"href":"http:\/\/onepress.maga-digital.com\/index.php\/wp-json\/wp\/v2\/types\/page"}],"author":[{"embeddable":true,"href":"http:\/\/onepress.maga-digital.com\/index.php\/wp-json\/wp\/v2\/users\/1"}],"replies":[{"embeddable":true,"href":"http:\/\/onepress.maga-digital.com\/index.php\/wp-json\/wp\/v2\/comments?post=1683"}],"version-history":[{"count":46,"href":"http:\/\/onepress.maga-digital.com\/index.php\/wp-json\/wp\/v2\/pages\/1683\/revisions"}],"predecessor-version":[{"id":1991,"href":"http:\/\/onepress.maga-digital.com\/index.php\/wp-json\/wp\/v2\/pages\/1683\/revisions\/1991"}],"wp:attachment":[{"href":"http:\/\/onepress.maga-digital.com\/index.php\/wp-json\/wp\/v2\/media?parent=1683"}],"curies":[{"name":"wp","href":"https:\/\/api.w.org\/{rel}","templated":true}]}}